{"id":67,"date":"2020-09-28T14:13:34","date_gmt":"2020-09-28T14:13:34","guid":{"rendered":"https:\/\/www.rpcayambe.gob.ec\/site\/?page_id=67"},"modified":"2025-12-18T11:01:35","modified_gmt":"2025-12-18T16:01:35","slug":"solicitud-de-tramites-en-linea","status":"publish","type":"page","link":"https:\/\/www.rpcayambe.gob.ec\/site\/solicitud-de-tramites-en-linea\/","title":{"rendered":"Solicitud de Tr\u00e1mites en L\u00ednea"},"content":{"rendered":"\t\t<div data-elementor-type=\"wp-page\" data-elementor-id=\"67\" class=\"elementor elementor-67\">\n\t\t\t\t\t\t\t\t\t<section class=\"elementor-section elementor-top-section elementor-element elementor-element-75936f9a elementor-section-boxed elementor-section-height-default elementor-section-height-default\" data-id=\"75936f9a\" data-element_type=\"section\">\n\t\t\t\t\t\t<div class=\"elementor-container elementor-column-gap-default\">\n\t\t\t\t\t<div class=\"elementor-column elementor-col-100 elementor-top-column elementor-element elementor-element-4f9d2f04\" data-id=\"4f9d2f04\" data-element_type=\"column\">\n\t\t\t<div class=\"elementor-widget-wrap elementor-element-populated\">\n\t\t\t\t\t\t\t\t<div class=\"elementor-element elementor-element-3050b776 elementor-widget elementor-widget-text-editor\" data-id=\"3050b776\" data-element_type=\"widget\" data-widget_type=\"text-editor.default\">\n\t\t\t\t<div class=\"elementor-widget-container\">\n\t\t\t\t\t\t\t<!-- wp:paragraph -->\n<p>Esta herramienta permite realizar la solicitud de Tr\u00e1mites en L\u00ednea tanto de Inscripci\u00f3n como Certificaci\u00f3n de Propiedad y Mercantil, para lo cual el usuario debe seleccionar y completar el formulario del tr\u00e1mite requerido. A continuaci\u00f3n se detalla el Manual del Usuario con los pasos a seguir:<\/p>\n<!-- \/wp:paragraph -->\t\t\t\t\t\t<\/div>\n\t\t\t\t<\/div>\n\t\t\t\t\t<\/div>\n\t\t<\/div>\n\t\t\t\t\t\t\t<\/div>\n\t\t<\/section>\n\t\t\t\t<section class=\"elementor-section elementor-top-section elementor-element elementor-element-fde1833 elementor-section-boxed elementor-section-height-default elementor-section-height-default\" data-id=\"fde1833\" data-element_type=\"section\">\n\t\t\t\t\t\t<div class=\"elementor-container elementor-column-gap-default\">\n\t\t\t\t\t<div class=\"elementor-column elementor-col-100 elementor-top-column elementor-element elementor-element-6909af8\" data-id=\"6909af8\" data-element_type=\"column\">\n\t\t\t<div class=\"elementor-widget-wrap elementor-element-populated\">\n\t\t\t\t\t\t\t\t<div class=\"elementor-element elementor-element-7be02f0 animated-slow elementor-invisible elementor-widget elementor-widget-accordion\" data-id=\"7be02f0\" data-element_type=\"widget\" data-settings=\"{&quot;_animation&quot;:&quot;fadeIn&quot;}\" data-widget_type=\"accordion.default\">\n\t\t\t\t<div class=\"elementor-widget-container\">\n\t\t\t\t\t<div class=\"elementor-accordion\">\n\t\t\t\t\t\t\t<div class=\"elementor-accordion-item\">\n\t\t\t\t\t<div id=\"elementor-tab-title-1291\" class=\"elementor-tab-title\" data-tab=\"1\" role=\"button\" aria-controls=\"elementor-tab-content-1291\" aria-expanded=\"false\">\n\t\t\t\t\t\t\t\t\t\t\t\t\t<span class=\"elementor-accordion-icon elementor-accordion-icon-left\" aria-hidden=\"true\">\n\t\t\t\t\t\t\t\t\t\t\t\t\t\t\t<span class=\"elementor-accordion-icon-closed\"><i class=\"fas fa-chevron-down\"><\/i><\/span>\n\t\t\t\t\t\t\t\t<span class=\"elementor-accordion-icon-opened\"><i class=\"fas fa-minus\"><\/i><\/span>\n\t\t\t\t\t\t\t\t\t\t\t\t\t\t<\/span>\n\t\t\t\t\t\t\t\t\t\t\t\t<a class=\"elementor-accordion-title\" tabindex=\"0\">PASO 1: Acceso a la Herramienta<\/a>\n\t\t\t\t\t<\/div>\n\t\t\t\t\t<div id=\"elementor-tab-content-1291\" class=\"elementor-tab-content elementor-clearfix\" data-tab=\"1\" role=\"region\" aria-labelledby=\"elementor-tab-title-1291\"><p>Para ingresar a la Herramienta web de solicitud de tr\u00e1mites en l\u00ednea se debe realizar lo siguiente:<\/p>\n<p>1. En la parte inferior de \u00e9sta p\u00e1gina ubicar y hacer clic en el bot\u00f3n \u201cHerramienta de solicitud de tr\u00e1mites en l\u00ednea\u201d<\/p>\n<p>2. Si es la primera vez que va a realizar una Solicitud de tr\u00e1mite en l\u00ednea deber\u00e1 Registrarse (Ver Registro de usuario).<\/p>\n<p align=\"center\"><a class=\"vp-a\" href=\"https:\/\/youtu.be\/-6fQ4CKgcjY\"><img decoding=\"async\" class=\"vp-img\" src=\"https:\/\/www.rpcayambe.gob.ec\/site\/wp-content\/uploads\/2020\/11\/ver-video-300x118.png\"><\/a><\/p><\/div>\n\t\t\t\t<\/div>\n\t\t\t\t\t\t\t<div class=\"elementor-accordion-item\">\n\t\t\t\t\t<div id=\"elementor-tab-title-1292\" class=\"elementor-tab-title\" data-tab=\"2\" role=\"button\" aria-controls=\"elementor-tab-content-1292\" aria-expanded=\"false\">\n\t\t\t\t\t\t\t\t\t\t\t\t\t<span class=\"elementor-accordion-icon elementor-accordion-icon-left\" aria-hidden=\"true\">\n\t\t\t\t\t\t\t\t\t\t\t\t\t\t\t<span class=\"elementor-accordion-icon-closed\"><i class=\"fas fa-chevron-down\"><\/i><\/span>\n\t\t\t\t\t\t\t\t<span class=\"elementor-accordion-icon-opened\"><i class=\"fas fa-minus\"><\/i><\/span>\n\t\t\t\t\t\t\t\t\t\t\t\t\t\t<\/span>\n\t\t\t\t\t\t\t\t\t\t\t\t<a class=\"elementor-accordion-title\" tabindex=\"0\">PASO 2: Registro de Usuario<\/a>\n\t\t\t\t\t<\/div>\n\t\t\t\t\t<div id=\"elementor-tab-content-1292\" class=\"elementor-tab-content elementor-clearfix\" data-tab=\"2\" role=\"region\" aria-labelledby=\"elementor-tab-title-1292\"><p>Para registrar un nuevo Usuario debemos realizar lo siguiente:<\/p>\n<p>1. Una vez en la herramienta web de solicitud de tr\u00e1mites en l\u00ednea, ubicar y dar clic en la parte superior derecha en la opci\u00f3n \u201cRegistro de Usuario\u201d donde le aparecer\u00e1 el Formulario de Registro de nuevo Usuario.<\/p>\n<p>2. Digite su n\u00famero de c\u00e9dula\/RUC en el campo \u201c# de Identificaci\u00f3n\u201d y completar los dem\u00e1s campos obligatorios (esquina marca roja), una vez lleno el formulario en la parte superior elija la opci\u00f3n \u201cRegistrar\u201d.<\/p>\n<p>2.1. En el caso que se haya registrado anteriormente le aparecer\u00e1 el mensaje \u201cEl Usuario ya se encuentra REGISTRADO\u201d y podr\u00e1 ingresar al sistema con su usuario (c\u00e9dula\/RUC) y contrase\u00f1a registrados.<\/p>\n<p>2.2. En el caso que no recuerde su contrase\u00f1a favor comunicarse a nuestros contactos oficiales para poderle brindar el soporte t\u00e9cnico necesario para restablecer su acceso.<\/p>\n<p align=\"center\"><a class=\"vp-a\" href=\"https:\/\/youtu.be\/Fukpb6gJdIs\"><img decoding=\"async\" class=\"vp-img\" src=\"https:\/\/www.rpcayambe.gob.ec\/site\/wp-content\/uploads\/2020\/11\/ver-video-300x118.png\"><\/a><\/p><\/div>\n\t\t\t\t<\/div>\n\t\t\t\t\t\t\t<div class=\"elementor-accordion-item\">\n\t\t\t\t\t<div id=\"elementor-tab-title-1293\" class=\"elementor-tab-title\" data-tab=\"3\" role=\"button\" aria-controls=\"elementor-tab-content-1293\" aria-expanded=\"false\">\n\t\t\t\t\t\t\t\t\t\t\t\t\t<span class=\"elementor-accordion-icon elementor-accordion-icon-left\" aria-hidden=\"true\">\n\t\t\t\t\t\t\t\t\t\t\t\t\t\t\t<span class=\"elementor-accordion-icon-closed\"><i class=\"fas fa-chevron-down\"><\/i><\/span>\n\t\t\t\t\t\t\t\t<span class=\"elementor-accordion-icon-opened\"><i class=\"fas fa-minus\"><\/i><\/span>\n\t\t\t\t\t\t\t\t\t\t\t\t\t\t<\/span>\n\t\t\t\t\t\t\t\t\t\t\t\t<a class=\"elementor-accordion-title\" tabindex=\"0\">PASO 3a: Solicitud de Revisi\u00f3n<\/a>\n\t\t\t\t\t<\/div>\n\t\t\t\t\t<div id=\"elementor-tab-content-1293\" class=\"elementor-tab-content elementor-clearfix\" data-tab=\"3\" role=\"region\" aria-labelledby=\"elementor-tab-title-1293\"><p>Para solicitar una Revisi\u00f3n de Inscripci\u00f3n se debe seguir los siguientes pasos:<\/p>\n<p>1. Ingresar a la herramienta web de solicitud de tr\u00e1mites en l\u00ednea (Ver Acceso a la herramienta web).<\/p>\n<p>2. En el apartado Registro de la Propiedad, seleccionar el tr\u00e1mite \u201cSolicitud de Revisi\u00f3n\u201d, aparecer\u00e1 la p\u00e1gina de inicio de sesi\u00f3n donde deber\u00e1 ingresar su Nombre de usuario (c\u00e9dula) y Contrase\u00f1a definidas en el Registro de Usuario (Ver Registro de usuario).<\/p>\n<p>3. Ingresar los datos de facturaci\u00f3n<\/p>\n<p>Para esto debemos ingresa el n\u00famero de identificaci\u00f3n de la persona a facturar (C\u00e9dula o RUC) y se nos desplegar\u00e1 la informaci\u00f3n en los dem\u00e1s campos, si la persona a facturar no se encuentra ingresada en nuestro sistema deber\u00e1 proceder a agregarla.<\/p>\n<p>3.1. Para agregar una nueva Persona debemos realizar lo siguiente:<\/p>\n<p>En la parte superior del formulario ubicar y hacer clic en la opci\u00f3n \u201cPersonas\u201d:<\/p>\n<p>En la ventana que aparece debe llenar los datos marcados como obligatorios (marca esquina roja) y presionar el bot\u00f3n \u201cGrabar\u201d:<\/p>\n<p>4. En el apartado \u201cOBSERVACIONES DE LA SOLICITUD\u201d se deber\u00e1 llenar el campo \u201cInformaci\u00f3n adicional\u201d con alguna referencia, pedido espec\u00edfico u observaci\u00f3n relacionada con el tr\u00e1mite de Solicitud de Revisi\u00f3n y presionar el bot\u00f3n Grabar, ubicado en la parte superior del formulario.<\/p>\n<p>5. Una vez grabado el formulario se habilitar\u00e1 el control para Adjuntar el archivo PDF, el cual deber\u00e1 contener la documentaci\u00f3n a revisar\u00a0<a href=\"https:\/\/rpcayambe.gob.ec\/sitio\/wp-content\/uploads\/2020\/06\/Gu%C3%ADa-de-tr%C3%A1mite-Solicitud-de-Revisi%C3%B3n.pdf\">(Ver Gu\u00eda Tr\u00e1mite \u2013 Revisi\u00f3n de Inscripci\u00f3n)<\/a><\/p>\n<p>Para cargar el archivo PDF debemos completar 3 pasos, Paso 1: Definir el nombre o descripci\u00f3n de la documentaci\u00f3n que se va a adjuntar en el campo \u201cDescripci\u00f3n del documento a escanear\u201d, ejemplo \u201cEscritura\u201d, Paso 2: Seleccionar el archivo que se requiere subir y Paso 3: Presionar el bot\u00f3n Cargar PDF (el orden de los pasos est\u00e1n marcados en formulario).<\/p>\n<p>6. Una vez que se haya completado la informaci\u00f3n y cargado el archivo PDF, debemos presionar el bot\u00f3n \u201cFinalizar\u201d que se habilitar\u00e1 en la parte superior del formulario, con esto aceptamos que todos los datos son correctos y la solicitud se crear\u00e1.<\/p>\n<p>7. Finalmente puede imprimir el comprobante de ingreso de solicitud desde el bot\u00f3n \u201cImprimir\u201d que se habilitar\u00e1 en la parte superior del formulario.<\/p>\n<p align=\"center\"><a class=\"vp-a\" href=\"https:\/\/youtu.be\/9LLRcjy913E\"><img decoding=\"async\" class=\"vp-img\" src=\"https:\/\/www.rpcayambe.gob.ec\/site\/wp-content\/uploads\/2020\/11\/ver-video-300x118.png\"><\/a><\/p><\/div>\n\t\t\t\t<\/div>\n\t\t\t\t\t\t\t<div class=\"elementor-accordion-item\">\n\t\t\t\t\t<div id=\"elementor-tab-title-1294\" class=\"elementor-tab-title\" data-tab=\"4\" role=\"button\" aria-controls=\"elementor-tab-content-1294\" aria-expanded=\"false\">\n\t\t\t\t\t\t\t\t\t\t\t\t\t<span class=\"elementor-accordion-icon elementor-accordion-icon-left\" aria-hidden=\"true\">\n\t\t\t\t\t\t\t\t\t\t\t\t\t\t\t<span class=\"elementor-accordion-icon-closed\"><i class=\"fas fa-chevron-down\"><\/i><\/span>\n\t\t\t\t\t\t\t\t<span class=\"elementor-accordion-icon-opened\"><i class=\"fas fa-minus\"><\/i><\/span>\n\t\t\t\t\t\t\t\t\t\t\t\t\t\t<\/span>\n\t\t\t\t\t\t\t\t\t\t\t\t<a class=\"elementor-accordion-title\" tabindex=\"0\">PASO 3b: Solicitud de Grav\u00e1menes<\/a>\n\t\t\t\t\t<\/div>\n\t\t\t\t\t<div id=\"elementor-tab-content-1294\" class=\"elementor-tab-content elementor-clearfix\" data-tab=\"4\" role=\"region\" aria-labelledby=\"elementor-tab-title-1294\"><p>Para solicitar un Certificado de Grav\u00e1menes se debe seguir los siguientes pasos:<\/p>\n<p>1. Ingresar a la herramienta web de solicitud de tr\u00e1mites en l\u00ednea (Ver Acceso a la herramienta web).<\/p>\n<p>2. En el apartado Registro de la Propiedad, seleccionar el tr\u00e1mite \u201cGrav\u00e1menes\u201d, aparecer\u00e1 la p\u00e1gina de inicio de sesi\u00f3n donde deber\u00e1 ingresar su Nombre de usuario (c\u00e9dula) y Contrase\u00f1a definidas en el Registro de Usuario (Ver Registro de usuario).<\/p>\n<p>3. Ingresar los datos de facturaci\u00f3n<\/p>\n<p>Para esto debemos ingresa el n\u00famero de identificaci\u00f3n de la persona a facturar (C\u00e9dula o RUC) y se nos desplegar\u00e1 la informaci\u00f3n en los dem\u00e1s campos, si la persona a facturar no se encuentra ingresada en nuestro sistema deber\u00e1 proceder a agregarla.<\/p>\n<p>3.1. En caso de que la persona a facturar no se encuentre ingresada en nuestro sistema debemos agregarla, para eso realizamos lo siguiente:<\/p>\n<p>En la parte superior del formulario ubicar y hacer clic en la opci\u00f3n \u201cPersonas\u201d:<\/p>\n<p>En la ventana que aparece debe llenar los datos marcados como obligatorios (marca esquina roja) y presionar el bot\u00f3n \u201cGrabar\u201d:<\/p>\n<p>4. En el apartado \u201cOBSERVACIONES DE LA SOLICITUD\u201d se deber\u00e1 llenar el campo \u201cInformaci\u00f3n adicional\u201d con alguna referencia, pedido espec\u00edfico u observaci\u00f3n relacionada con el tr\u00e1mite de Solicitud de Certificado de Grav\u00e1menes y presionar el bot\u00f3n Grabar, ubicado en la parte superior del formulario.<\/p>\n<p>5. Una vez grabado el formulario se habilitar\u00e1 el control para Adjuntar el archivo PDF, el cual deber\u00e1 contener la documentaci\u00f3n a revisar\u00a0<a href=\"https:\/\/rpcayambe.gob.ec\/sitio\/wp-content\/uploads\/2020\/06\/Gu%C3%ADa-de-tr%C3%A1mite-Certificado-de-Grav%C3%A1menes.pdf\">(Ver Guia Tramite \u2013 Certificado de Grav\u00e1menes)<\/a><\/p>\n<p>Para cargar el archivo PDF debemos completar 3 pasos, Paso 1: Definir el nombre o descripci\u00f3n de la documentaci\u00f3n que se va a adjuntar en el campo \u201cDescripci\u00f3n del documento a escanear\u201d, ejemplo \u201cEscritura\u201d, Paso 2: Seleccionar el archivo que se requiere subir y Paso 3: Presionar el bot\u00f3n Cargar PDF (el orden de los pasos est\u00e1n marcados en formulario).<\/p>\n<p>6. Una vez cargado el archivo PDF, se habilitar\u00e1 las opciones para definir la Declaraci\u00f3n de Uso que se le dar\u00e1 al Certificado Solicitado, para esto deberemos seleccionar el Uso de Certificado y aceptar la declaraci\u00f3n seleccionando \u201cSi\u201d, luego de esto presionar el bot\u00f3n \u201cFinalizar\u201d ubicado en la parte superior del formulario, con esto aceptamos que todos los datos son correctos y la solicitud se crear\u00e1.<\/p>\n<p>7. Finalmente puede imprimir el comprobante de ingreso de solicitud desde el bot\u00f3n \u201cImprimir\u201d que se habilitar\u00e1 en la parte superior del formulario.<\/p>\n<p align=\"center\"><a class=\"vp-a\" href=\"https:\/\/youtu.be\/i2auiSO1LmQ\"><img decoding=\"async\" class=\"vp-img\" src=\"https:\/\/www.rpcayambe.gob.ec\/site\/wp-content\/uploads\/2020\/11\/ver-video-300x118.png\"><\/a><\/p><\/div>\n\t\t\t\t<\/div>\n\t\t\t\t\t\t\t\t<\/div>\n\t\t\t\t<\/div>\n\t\t\t\t<\/div>\n\t\t\t\t\t<\/div>\n\t\t<\/div>\n\t\t\t\t\t\t\t<\/div>\n\t\t<\/section>\n\t\t\t\t<section class=\"elementor-section elementor-top-section elementor-element elementor-element-39b6d34 elementor-section-boxed elementor-section-height-default elementor-section-height-default\" data-id=\"39b6d34\" data-element_type=\"section\">\n\t\t\t\t\t\t<div class=\"elementor-container elementor-column-gap-default\">\n\t\t\t\t\t<div class=\"elementor-column elementor-col-33 elementor-top-column elementor-element elementor-element-b1e6d8b\" data-id=\"b1e6d8b\" data-element_type=\"column\">\n\t\t\t<div class=\"elementor-widget-wrap\">\n\t\t\t\t\t\t\t\t\t<\/div>\n\t\t<\/div>\n\t\t\t\t<div class=\"elementor-column elementor-col-33 elementor-top-column elementor-element elementor-element-86f6ae1\" data-id=\"86f6ae1\" data-element_type=\"column\">\n\t\t\t<div class=\"elementor-widget-wrap elementor-element-populated\">\n\t\t\t\t\t\t\t\t<div class=\"elementor-element elementor-element-1ea7adc elementor-widget elementor-widget-image\" data-id=\"1ea7adc\" data-element_type=\"widget\" data-widget_type=\"image.default\">\n\t\t\t\t<div class=\"elementor-widget-container\">\n\t\t\t\t\t\t\t\t\t\t\t\t\t\t\t\t<a href=\"http:\/\/tramites.rpcayambe.gob.ec:8282\/apex\/f?p=100:3\">\n\t\t\t\t\t\t\t<img decoding=\"async\" loading=\"lazy\" width=\"604\" height=\"154\" src=\"https:\/\/www.rpcayambe.gob.ec\/site\/wp-content\/uploads\/2020\/11\/ACCESO-A-LA-HERRAMIENTA-1.png\" class=\"attachment-large size-large wp-image-701\" alt=\"\" srcset=\"https:\/\/www.rpcayambe.gob.ec\/site\/wp-content\/uploads\/2020\/11\/ACCESO-A-LA-HERRAMIENTA-1.png 709w, https:\/\/www.rpcayambe.gob.ec\/site\/wp-content\/uploads\/2020\/11\/ACCESO-A-LA-HERRAMIENTA-1-300x77.png 300w\" sizes=\"(max-width: 604px) 100vw, 604px\" \/>\t\t\t\t\t\t\t\t<\/a>\n\t\t\t\t\t\t\t\t\t\t\t\t\t\t\t<\/div>\n\t\t\t\t<\/div>\n\t\t\t\t\t<\/div>\n\t\t<\/div>\n\t\t\t\t<div class=\"elementor-column elementor-col-33 elementor-top-column elementor-element elementor-element-ad27bb3\" data-id=\"ad27bb3\" data-element_type=\"column\">\n\t\t\t<div class=\"elementor-widget-wrap\">\n\t\t\t\t\t\t\t\t\t<\/div>\n\t\t<\/div>\n\t\t\t\t\t\t\t<\/div>\n\t\t<\/section>\n\t\t\t\t\t\t\t<\/div>\n\t\t","protected":false},"excerpt":{"rendered":"<p>Esta herramienta permite realizar la solicitud de Tr\u00e1mites en L\u00ednea tanto de Inscripci\u00f3n como Certificaci\u00f3n de Propiedad y Mercantil, para lo cual el usuario debe seleccionar y completar el formulario del tr\u00e1mite<a class=\"moretag\" href=\"https:\/\/www.rpcayambe.gob.ec\/site\/solicitud-de-tramites-en-linea\/\">Leer m\u00e1s&#8230;<\/a><\/p>\n","protected":false},"author":2,"featured_media":0,"parent":0,"menu_order":0,"comment_status":"closed","ping_status":"closed","template":"","meta":{"footnotes":""},"_links":{"self":[{"href":"https:\/\/www.rpcayambe.gob.ec\/site\/wp-json\/wp\/v2\/pages\/67"}],"collection":[{"href":"https:\/\/www.rpcayambe.gob.ec\/site\/wp-json\/wp\/v2\/pages"}],"about":[{"href":"https:\/\/www.rpcayambe.gob.ec\/site\/wp-json\/wp\/v2\/types\/page"}],"author":[{"embeddable":true,"href":"https:\/\/www.rpcayambe.gob.ec\/site\/wp-json\/wp\/v2\/users\/2"}],"replies":[{"embeddable":true,"href":"https:\/\/www.rpcayambe.gob.ec\/site\/wp-json\/wp\/v2\/comments?post=67"}],"version-history":[{"count":34,"href":"https:\/\/www.rpcayambe.gob.ec\/site\/wp-json\/wp\/v2\/pages\/67\/revisions"}],"predecessor-version":[{"id":3242,"href":"https:\/\/www.rpcayambe.gob.ec\/site\/wp-json\/wp\/v2\/pages\/67\/revisions\/3242"}],"wp:attachment":[{"href":"https:\/\/www.rpcayambe.gob.ec\/site\/wp-json\/wp\/v2\/media?parent=67"}],"curies":[{"name":"wp","href":"https:\/\/api.w.org\/{rel}","templated":true}]}}