{"id":49,"date":"2020-09-28T14:04:37","date_gmt":"2020-09-28T14:04:37","guid":{"rendered":"https:\/\/www.rpcayambe.gob.ec\/site\/?page_id=49"},"modified":"2023-12-05T11:58:28","modified_gmt":"2023-12-05T16:58:28","slug":"vision","status":"publish","type":"page","link":"https:\/\/www.rpcayambe.gob.ec\/site\/vision\/","title":{"rendered":"Visi\u00f3n"},"content":{"rendered":"\t\t<div data-elementor-type=\"wp-page\" data-elementor-id=\"49\" class=\"elementor elementor-49\">\n\t\t\t\t\t\t<section class=\"elementor-section elementor-top-section elementor-element elementor-element-f8e5649 elementor-section-boxed elementor-section-height-default elementor-section-height-default\" data-id=\"f8e5649\" data-element_type=\"section\" data-e-type=\"section\">\n\t\t\t\t\t\t<div class=\"elementor-container elementor-column-gap-default\">\n\t\t\t\t\t<div class=\"elementor-column elementor-col-100 elementor-top-column elementor-element elementor-element-56a096a\" data-id=\"56a096a\" data-element_type=\"column\" data-e-type=\"column\">\n\t\t\t<div class=\"elementor-widget-wrap elementor-element-populated\">\n\t\t\t\t\t\t<div class=\"elementor-element elementor-element-ca1dcdb elementor-widget elementor-widget-depicter_slider\" data-id=\"ca1dcdb\" data-element_type=\"widget\" data-e-type=\"widget\" data-widget_type=\"depicter_slider.default\">\n\t\t\t\t<div class=\"elementor-widget-container\">\n\t\t\t\t\t<style id=\"depicter-18-inline-pre-css\">\n\n.depicter-revert.depicter-18{\n\tbackground-color:#FFFFFF;\n}\n.depicter-18:not(.depicter-ready){\n\theight:700px;\n}\n\n\/***** Tablet *****\/\n@media screen and (max-width: 1024px){\n\n.depicter-18:not(.depicter-ready){\n\theight:700px;\n}\n\n}\n\/***** Mobile *****\/\n@media screen and (max-width: 767px){\n\n.depicter-18:not(.depicter-ready){\n\theight:740px;\n}\n\n}\n<\/style>\n<div id=\"depicter-18\" class=\"depicter depicter-document depicter-revert depicter-18 depicter-layout-fullwidth\">\n\n<div class=\"depicter-loading-container depicter-loading dotFlashing-dark\"><div class=\"depicter-loading-dark depicter-dot-flashing\">\n   <span><\/span>\n   <span><\/span>\n   <span><\/span>\n<\/div>\n<\/div>\n<div id=\"depicter-18-section-1\" class=\"depicter-section depicter-18-section-1\" data-name=\"Slide 1\" data-type=\"section\" data-local-id=\"section-1\">\n<div data-animation-in=\"{'direction':'bottom','easing':'easeOutCirc','duration':2000,'movement':{'value':100,'unit':'%'},'type':'move'}\" data-between-in-out=\"false\" id=\"depicter-18-element-3\" class=\"depicter-element depicter-layer depicter-18-element-3\" data-type=\"shape\" data-wrap=\"true\" data-name=\"Shape 1\" data-local-id=\"element-3\" data-offset=\"x:973px;y:228px;origin:tl\" data-mobile-offset=\"x:192px;y:498px;origin:tl\" data-width=\"327px,,168px\" data-height=\"472px,,242px\" data-responsive-scale=\"true,,\"><\/div>\n\n<div data-animation-in=\"{'direction':'top','easing':'easeOutCirc','duration':2000,'movement':{'value':100,'unit':'%'},'delay':600,'type':'move'}\" data-between-in-out=\"false\" id=\"depicter-18-element-4\" class=\"depicter-element depicter-layer depicter-18-element-4\" data-type=\"shape\" data-wrap=\"true\" data-name=\"Shape 2\" data-local-id=\"element-4\" data-offset=\"x:1px;y:0px;origin:tl\" data-mobile-offset=\"x:0px;y:0px;origin:tl\" data-width=\"111px,,89px\" data-height=\"161px,,91px\" data-responsive-scale=\"true,,\"><\/div>\n\n<h2 data-animation-in=\"{'type':'move','params':{'direction':'left','easing':'easeOutQuart','duration':2500,'movement':0,'rotate':0,'delay':150,'rotate3d':{'x':0,'y':90},'transformOrigin':{'x':'center','y':'center','z':0},'skew':{'x':0}},'easing':'easeOutExpo','rotate3d':{'x':30},'movement':{'value':150,'unit':'px'},'duration':2300,'transformOrigin':{'x':'left','y':'top','z':0},'direction':'bottom','scale':1}\" data-between-in-out=\"false\" id=\"depicter-18-element-5\" class=\"depicter-element depicter-layer depicter-18-element-5\" data-type=\"text\" data-wrap=\"true\" data-name=\"Text 1\" data-local-id=\"element-5\" data-offset=\"x:93px;y:199px;origin:tl\" data-mobile-offset=\"x:44px;y:167px;origin:tl\" data-width=\"510.43px,,280.5px\" data-height=\"auto,,auto\" data-responsive-scale=\"true,,\">Visi\u00f3n<\/h2>\n\n<p data-animation-in=\"{'type':'move','params':{'direction':'left','easing':'easeOutQuart','duration':2500,'movement':0,'rotate':0,'delay':150,'rotate3d':{'x':0,'y':90},'transformOrigin':{'x':'center','y':'center','z':0},'skew':{'x':0}},'easing':'easeOutExpo','rotate3d':{'x':40},'movement':{'value':70,'unit':'px'},'duration':2300,'transformOrigin':{'x':'center','y':'top','z':0},'direction':'bottom','delay':300}\" data-between-in-out=\"false\" id=\"depicter-18-element-7\" class=\"depicter-element depicter-layer depicter-18-element-7\" data-type=\"text\" data-wrap=\"true\" data-name=\"Text 3\" data-local-id=\"element-7\" data-offset=\"x:90px;y:298px;origin:tl\" data-mobile-offset=\"x:44px;y:263px;origin:tl\" data-width=\"556.973px,,295px\" data-height=\"auto,,auto\" data-responsive-scale=\"true,,\">En el a\u00f1o 2027 el Registro de la Propiedad y Mercantil del Cant\u00f3n Cayambe, ser\u00e1 un referente nacional en la prestaci\u00f3n de servicios registral en materia inmobiliaria, mediante la implementaci\u00f3n de modernas tecnolog\u00edas y procedimientos de mejora continua. <\/p>\n\n<picture data-animation-in=\"{'direction':'left','easing':'easeOutQuart','duration':2200,'movement':0,'scale':1.600000000000000088817841970012523233890533447265625,'delay':250,'type':'move'}\" data-between-in-out=\"false\" id=\"depicter-18-element-29\" class=\"depicter-element depicter-layer depicter-18-element-29\" data-type=\"image\" data-wrap=\"true\" data-name=\"Image 4\" data-local-id=\"element-29\" data-offset=\"x:112px;y:9px;origin:tl\" data-width=\"305px,,\" data-height=\"143.984px,,\" data-responsive-scale=\"true,,\" data-crop=\"false\">\n<source data-depicter-srcset=\"https:\/\/www.rpcayambe.gob.ec\/site\/wp-content\/uploads\/2023\/09\/Logo-horizontal_Mesa-de-trabajo-1-305x144.png, https:\/\/www.rpcayambe.gob.ec\/site\/wp-content\/uploads\/2023\/09\/Logo-horizontal_Mesa-de-trabajo-1-610x288.png 2x\" srcset=\"data:image\/gif;base64,R0lGODlhAQABAIAAAAAAAP\/\/\/yH5BAEAAAAALAAAAAABAAEAAAIBRAA7\" \/>\n<img decoding=\"async\" src=\"data:image\/gif;base64,R0lGODlhAQABAIAAAAAAAP\/\/\/yH5BAEAAAAALAAAAAABAAEAAAIBRAA7\" data-depicter-src=\"https:\/\/www.rpcayambe.gob.ec\/site\/wp-content\/uploads\/2023\/09\/Logo-horizontal_Mesa-de-trabajo-1-305x144.png\" alt=\"\" \/>\n<\/picture>\n<picture data-animation-in=\"{'direction':'left','easing':'easeInOutExpo','duration':2500,'movement':0,'type':'move'}\" data-between-in-out=\"false\" id=\"depicter-18-element-30\" class=\"depicter-element depicter-layer depicter-18-element-30\" data-type=\"image\" data-wrap=\"true\" data-name=\"Image 5\" data-local-id=\"element-30\" data-offset=\"x:29px;y:520px;origin:tl\" data-width=\"163px,,\" data-height=\"159px,,\" data-responsive-scale=\"true,,\" data-crop=\"false\">\n<source data-depicter-srcset=\"https:\/\/www.rpcayambe.gob.ec\/site\/wp-content\/uploads\/2023\/09\/GAD-LOGO-163x159.png, https:\/\/www.rpcayambe.gob.ec\/site\/wp-content\/uploads\/2023\/09\/GAD-LOGO-326x318.png 2x\" srcset=\"data:image\/gif;base64,R0lGODlhAQABAIAAAAAAAP\/\/\/yH5BAEAAAAALAAAAAABAAEAAAIBRAA7\" \/>\n<img decoding=\"async\" src=\"data:image\/gif;base64,R0lGODlhAQABAIAAAAAAAP\/\/\/yH5BAEAAAAALAAAAAABAAEAAAIBRAA7\" data-depicter-src=\"https:\/\/www.rpcayambe.gob.ec\/site\/wp-content\/uploads\/2023\/09\/GAD-LOGO-163x159.png\" alt=\"\" \/>\n<\/picture>\n<picture id=\"depicter-18-element-31\" class=\"depicter-element depicter-layer depicter-18-element-31\" data-type=\"image\" data-wrap=\"true\" data-name=\"Image 6\" data-local-id=\"element-31\" data-offset=\"x:430px;y:630px;origin:tl\" data-width=\"527.969px,,\" data-height=\"48.9844px,,\" data-responsive-scale=\"true,,\" data-crop=\"false\">\n<source data-depicter-srcset=\"https:\/\/www.rpcayambe.gob.ec\/site\/wp-content\/uploads\/2023\/09\/Firma-pagina_Mesa-de-trabajo-1-528x49.png, https:\/\/www.rpcayambe.gob.ec\/site\/wp-content\/uploads\/2023\/09\/Firma-pagina_Mesa-de-trabajo-1-1056x98.png 2x\" srcset=\"data:image\/gif;base64,R0lGODlhAQABAIAAAAAAAP\/\/\/yH5BAEAAAAALAAAAAABAAEAAAIBRAA7\" \/>\n<img decoding=\"async\" src=\"data:image\/gif;base64,R0lGODlhAQABAIAAAAAAAP\/\/\/yH5BAEAAAAALAAAAAABAAEAAAIBRAA7\" data-depicter-src=\"https:\/\/www.rpcayambe.gob.ec\/site\/wp-content\/uploads\/2023\/09\/Firma-pagina_Mesa-de-trabajo-1-528x49.png\" alt=\"\" \/>\n<\/picture>\n<div data-animation-in=\"{'direction':'bottom','easing':'easeOutCirc','duration':2000,'movement':{'value':100,'unit':'%'},'type':'move'}\" data-between-in-out=\"false\" id=\"depicter-18-element-34\" class=\"depicter-element depicter-layer depicter-18-element-34\" data-type=\"shape\" data-wrap=\"true\" data-name=\"Shape 8\" data-local-id=\"element-34\" data-offset=\"x:958px;y:23px;origin:tl\" data-mobile-offset=\"x:192px;y:498px;origin:tl\" data-width=\"326.973px,,\" data-height=\"471.973px,,\" data-responsive-scale=\"true,,\"><\/div>\n\n<div data-animation-in=\"{'direction':'bottom','easing':'easeOutCirc','duration':2000,'movement':{'value':100,'unit':'%'},'type':'move'}\" data-between-in-out=\"false\" id=\"depicter-18-element-32\" class=\"depicter-element depicter-layer depicter-18-element-32\" data-type=\"shape\" data-wrap=\"true\" data-name=\"Shape 7\" data-local-id=\"element-32\" data-offset=\"x:692px;y:34px;origin:tl\" data-mobile-offset=\"x:192px;y:498px;origin:tl\" data-width=\"445px,,\" data-height=\"470.996px,,\" data-responsive-scale=\"true,,\"><\/div>\n\n<picture id=\"depicter-18-element-38\" class=\"depicter-element depicter-layer depicter-18-element-38\" data-type=\"image\" data-wrap=\"true\" data-name=\"Image 7\" data-local-id=\"element-38\" data-offset=\"x:685px;y:61px;origin:tl\" data-width=\"560px,,\" data-height=\"560px,,\" data-responsive-scale=\"true,,\" data-crop=\"false\">\n<source data-depicter-srcset=\"https:\/\/www.rpcayambe.gob.ec\/site\/wp-content\/uploads\/2025\/03\/visi_Mesa-de-trabajo-1-560x560.jpg, https:\/\/www.rpcayambe.gob.ec\/site\/wp-content\/uploads\/2025\/03\/visi_Mesa-de-trabajo-1-1120x1120.jpg 2x\" srcset=\"data:image\/gif;base64,R0lGODlhAQABAIAAAAAAAP\/\/\/yH5BAEAAAAALAAAAAABAAEAAAIBRAA7\" \/>\n<img decoding=\"async\" src=\"data:image\/gif;base64,R0lGODlhAQABAIAAAAAAAP\/\/\/yH5BAEAAAAALAAAAAABAAEAAAIBRAA7\" data-depicter-src=\"https:\/\/www.rpcayambe.gob.ec\/site\/wp-content\/uploads\/2025\/03\/visi_Mesa-de-trabajo-1-560x560.jpg\" alt=\"\" \/>\n<\/picture><\/div>\n<\/div>\n<script>\n(window.depicterSetups = window.depicterSetups || []).push(function(){\n\tDepicter.basePath = 'https:\/\/www.rpcayambe.gob.ec\/site\/wp-content\/plugins\/depicter\/resources\/scripts\/player\/';\n\tconst dpPlayer = Depicter.setup('.depicter-18',\n\t\t{\"width\":[\"1300\",\"1300\",\"360\"],\"height\":[\"700\",\"700\",\"740\"],\"view\":\"basic\",\"keepAspectRatio\":true,\"preload\":0,\"layout\":\"fullwidth\",\"rtl\":false,\"initAfterAppear\":false,\"ajaxApiUrl\":\"https:\\\/\\\/www.rpcayambe.gob.ec\\\/site\\\/wp-admin\\\/admin-ajax.php\",\"viewOptions\":{\"loop\":true},\"mouseSwipe\":true,\"touchSwipe\":true,\"keyboard\":true,\"useWatermark\":false}\n\t);\n});\n<\/script>\t\t\t\t<\/div>\n\t\t\t\t<\/div>\n\t\t\t\t\t<\/div>\n\t\t<\/div>\n\t\t\t\t\t<\/div>\n\t\t<\/section>\n\t\t\t\t<\/div>\n\t\t","protected":false},"excerpt":{"rendered":"<p>Visi\u00f3n En el 2027, el Registro de la Propiedad y Mercantil del Cant\u00f3n Cayambe, ser\u00e1 un referente a nivel nacional en la entrega de servicios registrales de excelencia, mediante la automatizaci\u00f3n de<a class=\"moretag\" href=\"https:\/\/www.rpcayambe.gob.ec\/site\/vision\/\">Leer m\u00e1s&#8230;<\/a><\/p>\n","protected":false},"author":2,"featured_media":0,"parent":0,"menu_order":0,"comment_status":"closed","ping_status":"closed","template":"","meta":{"footnotes":""},"class_list":["post-49","page","type-page","status-publish","hentry"],"_links":{"self":[{"href":"https:\/\/www.rpcayambe.gob.ec\/site\/wp-json\/wp\/v2\/pages\/49","targetHints":{"allow":["GET"]}}],"collection":[{"href":"https:\/\/www.rpcayambe.gob.ec\/site\/wp-json\/wp\/v2\/pages"}],"about":[{"href":"https:\/\/www.rpcayambe.gob.ec\/site\/wp-json\/wp\/v2\/types\/page"}],"author":[{"embeddable":true,"href":"https:\/\/www.rpcayambe.gob.ec\/site\/wp-json\/wp\/v2\/users\/2"}],"replies":[{"embeddable":true,"href":"https:\/\/www.rpcayambe.gob.ec\/site\/wp-json\/wp\/v2\/comments?post=49"}],"version-history":[{"count":18,"href":"https:\/\/www.rpcayambe.gob.ec\/site\/wp-json\/wp\/v2\/pages\/49\/revisions"}],"predecessor-version":[{"id":2654,"href":"https:\/\/www.rpcayambe.gob.ec\/site\/wp-json\/wp\/v2\/pages\/49\/revisions\/2654"}],"wp:attachment":[{"href":"https:\/\/www.rpcayambe.gob.ec\/site\/wp-json\/wp\/v2\/media?parent=49"}],"curies":[{"name":"wp","href":"https:\/\/api.w.org\/{rel}","templated":true}]}}