{"id":319,"date":"2020-10-15T14:17:27","date_gmt":"2020-10-15T14:17:27","guid":{"rendered":"https:\/\/www.rpcayambe.gob.ec\/site\/?page_id=319"},"modified":"2023-09-27T16:08:15","modified_gmt":"2023-09-27T21:08:15","slug":"inscripciones-mercantiles","status":"publish","type":"page","link":"https:\/\/www.rpcayambe.gob.ec\/site\/inscripciones-mercantiles\/","title":{"rendered":"Inscripciones Mercantiles"},"content":{"rendered":"\t\t<div data-elementor-type=\"wp-page\" data-elementor-id=\"319\" class=\"elementor elementor-319\">\n\t\t\t\t\t\t<section class=\"elementor-section elementor-top-section elementor-element elementor-element-2385f1f3 elementor-section-boxed elementor-section-height-default elementor-section-height-default\" data-id=\"2385f1f3\" data-element_type=\"section\" data-e-type=\"section\">\n\t\t\t\t\t\t<div class=\"elementor-container elementor-column-gap-default\">\n\t\t\t\t\t<div class=\"elementor-column elementor-col-100 elementor-top-column elementor-element elementor-element-4ef94699\" data-id=\"4ef94699\" data-element_type=\"column\" data-e-type=\"column\">\n\t\t\t<div class=\"elementor-widget-wrap elementor-element-populated\">\n\t\t\t\t\t\t<div class=\"elementor-element elementor-element-cd4fd22 elementor-widget elementor-widget-image\" data-id=\"cd4fd22\" data-element_type=\"widget\" data-e-type=\"widget\" data-widget_type=\"image.default\">\n\t\t\t\t<div class=\"elementor-widget-container\">\n\t\t\t\t\t\t\t\t\t\t\t\t\t\t\t<img fetchpriority=\"high\" decoding=\"async\" width=\"1536\" height=\"762\" src=\"https:\/\/www.rpcayambe.gob.ec\/site\/wp-content\/uploads\/2023\/09\/m5_Mesa-de-trabajo-1-1536x762.jpg\" class=\"attachment-1536x1536 size-1536x1536 wp-image-2534\" alt=\"\" srcset=\"https:\/\/www.rpcayambe.gob.ec\/site\/wp-content\/uploads\/2023\/09\/m5_Mesa-de-trabajo-1-1536x762.jpg 1536w, https:\/\/www.rpcayambe.gob.ec\/site\/wp-content\/uploads\/2023\/09\/m5_Mesa-de-trabajo-1-300x149.jpg 300w, https:\/\/www.rpcayambe.gob.ec\/site\/wp-content\/uploads\/2023\/09\/m5_Mesa-de-trabajo-1-1024x508.jpg 1024w, https:\/\/www.rpcayambe.gob.ec\/site\/wp-content\/uploads\/2023\/09\/m5_Mesa-de-trabajo-1-768x381.jpg 768w, https:\/\/www.rpcayambe.gob.ec\/site\/wp-content\/uploads\/2023\/09\/m5_Mesa-de-trabajo-1-2048x1016.jpg 2048w, https:\/\/www.rpcayambe.gob.ec\/site\/wp-content\/uploads\/2023\/09\/m5_Mesa-de-trabajo-1-200x99.jpg 200w\" sizes=\"(max-width: 1536px) 100vw, 1536px\" \/>\t\t\t\t\t\t\t\t\t\t\t\t\t\t\t<\/div>\n\t\t\t\t<\/div>\n\t\t\t\t<div class=\"elementor-element elementor-element-648c2e89 elementor-widget elementor-widget-text-editor\" data-id=\"648c2e89\" data-element_type=\"widget\" data-e-type=\"widget\" data-widget_type=\"text-editor.default\">\n\t\t\t\t<div class=\"elementor-widget-container\">\n\t\t\t\t\t\t\t\t\t\n<h2 class=\"wp-block-heading\"><strong>Requisitos para la inscripci\u00f3n de Actos y Contrato de car\u00e1cter Mercantil, Inscripci\u00f3n de Prenda Agr\u00edcola, Industrial y de Comercio:<\/strong><\/h2>\n\n\n\n<h3 class=\"wp-block-heading\"><strong>PRENDA<\/strong><\/h3>\n\n\n\n<p>1.- Presentar copia certificada de la escritura p\u00fablica o contrato original (m\u00ednimo 3 copias o ejemplares).<\/p>\n\n\n\n<ul class=\"wp-block-list\"><li>Si la prenda se constituye mediante contrato, se realizar\u00e1 el reconocimiento de firma y r\u00fabrica ante el Juez o el Notario.<\/li><li>Es necesario que en el contrato se haga constar el lugar en donde se mantendr\u00e1 el bien. (ciudad y cant\u00f3n)<\/li><\/ul>\n\n\n\n<p>2.- Certificado de grav\u00e1menes actualizado (por cada bien).<\/p>\n\n\n\n<p>3.- Factura o aval\u00fao (por cada bien)<\/p>\n\n\n\n<p>4.- Copias de c\u00e9dula y papeletas de votaci\u00f3n<\/p>\n\n\n\n<ul class=\"wp-block-list\"><li>Si se trata de una persona que comparece mediante un apoderado, adjuntar el poder y la vigencia del mismo (Vigencia del poder 1 a\u00f1o en el Ecuador y 5 a\u00f1os en el extranjero). De igual manera el poder debe contener la autorizaci\u00f3n expresa para el acto o contrato 1a celebrarse.<\/li><li>Si se trata de personas jur\u00eddicas, adjuntar el nombramiento del Representante Legal debidamente inscrito y actualizado.<\/li><li>Copia del RUC (Personas naturales extranjeras y jur\u00eddicas en general)<\/li><li>En el caso de que los comparecientes hayan celebrado capitulaciones matrimoniales, adjuntar la escritura.<\/li><li>Si existe disoluci\u00f3n o liquidaci\u00f3n conyugal, adjuntar la partida de matrimonio con la respectiva marginaci\u00f3n.<\/li><li>Para solicitar la inscripci\u00f3n de un acto o contrato, es necesario que el solicitante se encuentre debidamente facultado. (Art. 41 inciso 2 Ley de Registro)<\/li><\/ul>\n\n\n\n<p>5.- Presentar contrato original (m\u00ednimo 3 ejemplares).<\/p>\n\n\n\n<ul class=\"wp-block-list\"><li>Es necesario que en el contrato se haga constar el lugar en donde se mantendr\u00e1 el bien. (ciudad y cant\u00f3n).<\/li><\/ul>\n\n\n\n<h3 class=\"wp-block-heading\"><strong>COMPRA VENTA CON RESERVA DE DOMINIO<\/strong><\/h3>\n\n\n\n<p>1.- Certificado de grav\u00e1menes actualizado (por cada bien).<\/p>\n\n\n\n<p>2.- &nbsp;Factura o aval\u00fao (por cada bien)<\/p>\n\n\n\n<p>3.- &nbsp;Copias de c\u00e9dula y papeletas de votaci\u00f3n<\/p>\n\n\n\n<ul class=\"wp-block-list\"><li>Si se trata de una persona que comparece mediante un apoderado, adjuntar el poder y la vigencia del mismo (Vigencia del poder 1 a\u00f1o en el Ecuador y 5 a\u00f1os en el extranjero). De igual manera el poder debe contener la autorizaci\u00f3n expresa para el acto o contrato 1a celebrarse.<\/li><li>Si se trata de personas jur\u00eddicas, adjuntar el nombramiento del Representante Legal debidamente inscrito y actualizado.<\/li><li>Copia del RUC (Personas naturales extranjeras y jur\u00eddicas en general)<\/li><li>En el caso de que los comparecientes hayan celebrado capitulaciones matrimoniales, adjuntar la escritura.<\/li><li>Si existe disoluci\u00f3n o liquidaci\u00f3n conyugal, adjuntar la partida de matrimonio con la respectiva marginaci\u00f3n.<\/li><li>Para solicitar la inscripci\u00f3n de un acto o contrato, es necesario que el solicitante se encuentre debidamente facultado. (Art. 41 inciso 2 Ley de Registro)<\/li><\/ul>\n\t\t\t\t\t\t\t\t<\/div>\n\t\t\t\t<\/div>\n\t\t\t\t\t<\/div>\n\t\t<\/div>\n\t\t\t\t\t<\/div>\n\t\t<\/section>\n\t\t\t\t<\/div>\n\t\t","protected":false},"excerpt":{"rendered":"<p>Requisitos para la inscripci\u00f3n de Actos y Contrato de car\u00e1cter Mercantil, Inscripci\u00f3n de Prenda Agr\u00edcola, Industrial y de Comercio: PRENDA 1.- Presentar copia certificada de la escritura p\u00fablica o contrato original (m\u00ednimo<a class=\"moretag\" href=\"https:\/\/www.rpcayambe.gob.ec\/site\/inscripciones-mercantiles\/\">Leer m\u00e1s&#8230;<\/a><\/p>\n","protected":false},"author":2,"featured_media":0,"parent":0,"menu_order":0,"comment_status":"closed","ping_status":"closed","template":"","meta":{"footnotes":""},"class_list":["post-319","page","type-page","status-publish","hentry"],"_links":{"self":[{"href":"https:\/\/www.rpcayambe.gob.ec\/site\/wp-json\/wp\/v2\/pages\/319","targetHints":{"allow":["GET"]}}],"collection":[{"href":"https:\/\/www.rpcayambe.gob.ec\/site\/wp-json\/wp\/v2\/pages"}],"about":[{"href":"https:\/\/www.rpcayambe.gob.ec\/site\/wp-json\/wp\/v2\/types\/page"}],"author":[{"embeddable":true,"href":"https:\/\/www.rpcayambe.gob.ec\/site\/wp-json\/wp\/v2\/users\/2"}],"replies":[{"embeddable":true,"href":"https:\/\/www.rpcayambe.gob.ec\/site\/wp-json\/wp\/v2\/comments?post=319"}],"version-history":[{"count":5,"href":"https:\/\/www.rpcayambe.gob.ec\/site\/wp-json\/wp\/v2\/pages\/319\/revisions"}],"predecessor-version":[{"id":2564,"href":"https:\/\/www.rpcayambe.gob.ec\/site\/wp-json\/wp\/v2\/pages\/319\/revisions\/2564"}],"wp:attachment":[{"href":"https:\/\/www.rpcayambe.gob.ec\/site\/wp-json\/wp\/v2\/media?parent=319"}],"curies":[{"name":"wp","href":"https:\/\/api.w.org\/{rel}","templated":true}]}}