{"id":313,"date":"2020-10-15T14:14:39","date_gmt":"2020-10-15T14:14:39","guid":{"rendered":"https:\/\/www.rpcayambe.gob.ec\/site\/?page_id=313"},"modified":"2023-09-27T16:01:22","modified_gmt":"2023-09-27T21:01:22","slug":"disolucion-liquidacion-y-cancelacion","status":"publish","type":"page","link":"https:\/\/www.rpcayambe.gob.ec\/site\/disolucion-liquidacion-y-cancelacion\/","title":{"rendered":"Disoluci\u00f3n, liquidaci\u00f3n y cancelaci\u00f3n"},"content":{"rendered":"\t\t<div data-elementor-type=\"wp-page\" data-elementor-id=\"313\" class=\"elementor elementor-313\">\n\t\t\t\t\t\t\t\t\t<section class=\"elementor-section elementor-top-section elementor-element elementor-element-3b723a71 elementor-section-boxed elementor-section-height-default elementor-section-height-default\" data-id=\"3b723a71\" data-element_type=\"section\">\n\t\t\t\t\t\t<div class=\"elementor-container elementor-column-gap-default\">\n\t\t\t\t\t<div class=\"elementor-column elementor-col-100 elementor-top-column elementor-element elementor-element-668e8412\" data-id=\"668e8412\" data-element_type=\"column\">\n\t\t\t<div class=\"elementor-widget-wrap elementor-element-populated\">\n\t\t\t\t\t\t\t\t<div class=\"elementor-element elementor-element-a24a67f elementor-widget elementor-widget-image\" data-id=\"a24a67f\" data-element_type=\"widget\" data-widget_type=\"image.default\">\n\t\t\t\t<div class=\"elementor-widget-container\">\n\t\t\t\t\t\t\t\t\t\t\t\t\t\t\t<img decoding=\"async\" loading=\"lazy\" width=\"1536\" height=\"762\" src=\"https:\/\/www.rpcayambe.gob.ec\/site\/wp-content\/uploads\/2023\/09\/m3_Mesa-de-trabajo-1-1536x762.jpg\" class=\"attachment-1536x1536 size-1536x1536 wp-image-2530\" alt=\"\" srcset=\"https:\/\/www.rpcayambe.gob.ec\/site\/wp-content\/uploads\/2023\/09\/m3_Mesa-de-trabajo-1-1536x762.jpg 1536w, https:\/\/www.rpcayambe.gob.ec\/site\/wp-content\/uploads\/2023\/09\/m3_Mesa-de-trabajo-1-300x149.jpg 300w, https:\/\/www.rpcayambe.gob.ec\/site\/wp-content\/uploads\/2023\/09\/m3_Mesa-de-trabajo-1-1024x508.jpg 1024w, https:\/\/www.rpcayambe.gob.ec\/site\/wp-content\/uploads\/2023\/09\/m3_Mesa-de-trabajo-1-768x381.jpg 768w, https:\/\/www.rpcayambe.gob.ec\/site\/wp-content\/uploads\/2023\/09\/m3_Mesa-de-trabajo-1-2048x1016.jpg 2048w, https:\/\/www.rpcayambe.gob.ec\/site\/wp-content\/uploads\/2023\/09\/m3_Mesa-de-trabajo-1-200x99.jpg 200w\" sizes=\"(max-width: 1536px) 100vw, 1536px\" \/>\t\t\t\t\t\t\t\t\t\t\t\t\t\t\t<\/div>\n\t\t\t\t<\/div>\n\t\t\t\t<div class=\"elementor-element elementor-element-2002f0c4 elementor-widget elementor-widget-text-editor\" data-id=\"2002f0c4\" data-element_type=\"widget\" data-widget_type=\"text-editor.default\">\n\t\t\t\t<div class=\"elementor-widget-container\">\n\t\t\t\t\t\t\t<!-- wp:heading -->\n<h2><strong>Inscripci\u00f3n de Disoluci\u00f3n, liquidaci\u00f3n y cancelaci\u00f3n (La inscripci\u00f3n se realizar\u00e1 en un tiempo no mayor a 5 d\u00edas una vez que se haya notificado).<\/strong><br><strong>Disoluci\u00f3n Voluntaria:<\/strong><\/h2>\n<!-- \/wp:heading -->\n\n<!-- wp:paragraph -->\n<p><strong>1.- Presentar copia certificada de la escritura p\u00fablica (m\u00ednimo 3 ejemplares).<\/strong><\/p>\n<!-- \/wp:paragraph -->\n\n<!-- wp:list -->\n<ul><li>Si no se presenta la primera copia certificada, solicitar un certificado de b\u00fasqueda.<\/li><li>En el contenido de la escritura deben constar todos los requisitos previstos en la Ley de Compa\u00f1\u00edas, C\u00f3digo de Comercio y dem\u00e1s normas vigentes.<\/li><li>La escritura debe contener la raz\u00f3n de que se tom\u00f3 nota al margen de la matriz de constituci\u00f3n.-<\/li><\/ul>\n<!-- \/wp:list -->\n\n<!-- wp:paragraph -->\n<p><strong>2.- Acta de la Junta General mediante la cual se aprueba la Disoluci\u00f3n Anticipada.<\/strong><br><strong>3.- Resoluci\u00f3n de la Superintendencia de Compa\u00f1\u00edas.<\/strong><\/p>\n<!-- \/wp:paragraph -->\n\n<!-- wp:list -->\n<ul><li>Si se trata de una compa\u00f1\u00eda de transporte, adjuntar tambi\u00e9n la resoluci\u00f3n de la Agencia Nacional de Tr\u00e1nsito.<\/li><\/ul>\n<!-- \/wp:list -->\n\n<!-- wp:paragraph -->\n<p><strong>4.- Copias de c\u00e9dula y papeletas de votaci\u00f3n (Todos los comparecientes)<\/strong><\/p>\n<!-- \/wp:paragraph -->\n\n<!-- wp:list -->\n<ul><li>Si se trata de una persona que comparece mediante un apoderado, adjuntar el poder y la vigencia del mismo (Vigencia del poder 1 a\u00f1o en el Ecuador y 5 a\u00f1os en el extranjero). De igual manera el poder debe contener la autorizaci\u00f3n expresa para el acto o contrato a celebrarse.<\/li><li>Si se trata de personas jur\u00eddicas, adjuntar el nombramiento del Representante Legal debidamente inscrito y actualizado y el Acta de la Junta General, mediante la cual se aprueba y autoriza el acto societario.<\/li><li>Copia del RUC (Personas naturales extranjeras y jur\u00eddicas en general)<\/li><li>Para solicitar la inscripci\u00f3n de un acto o contrato, es necesario que el solicitante se encuentre debidamente facultado. (Art. 138 Ley de Compa\u00f1\u00edas)<\/li><\/ul>\n<!-- \/wp:list -->\t\t\t\t\t\t<\/div>\n\t\t\t\t<\/div>\n\t\t\t\t\t<\/div>\n\t\t<\/div>\n\t\t\t\t\t\t\t<\/div>\n\t\t<\/section>\n\t\t\t\t\t\t\t<\/div>\n\t\t","protected":false},"excerpt":{"rendered":"<p>Inscripci\u00f3n de Disoluci\u00f3n, liquidaci\u00f3n y cancelaci\u00f3n (La inscripci\u00f3n se realizar\u00e1 en un tiempo no mayor a 5 d\u00edas una vez que se haya notificado).Disoluci\u00f3n Voluntaria: 1.- Presentar copia certificada de la escritura<a class=\"moretag\" href=\"https:\/\/www.rpcayambe.gob.ec\/site\/disolucion-liquidacion-y-cancelacion\/\">Leer m\u00e1s&#8230;<\/a><\/p>\n","protected":false},"author":2,"featured_media":0,"parent":0,"menu_order":0,"comment_status":"closed","ping_status":"closed","template":"","meta":{"footnotes":""},"_links":{"self":[{"href":"https:\/\/www.rpcayambe.gob.ec\/site\/wp-json\/wp\/v2\/pages\/313"}],"collection":[{"href":"https:\/\/www.rpcayambe.gob.ec\/site\/wp-json\/wp\/v2\/pages"}],"about":[{"href":"https:\/\/www.rpcayambe.gob.ec\/site\/wp-json\/wp\/v2\/types\/page"}],"author":[{"embeddable":true,"href":"https:\/\/www.rpcayambe.gob.ec\/site\/wp-json\/wp\/v2\/users\/2"}],"replies":[{"embeddable":true,"href":"https:\/\/www.rpcayambe.gob.ec\/site\/wp-json\/wp\/v2\/comments?post=313"}],"version-history":[{"count":5,"href":"https:\/\/www.rpcayambe.gob.ec\/site\/wp-json\/wp\/v2\/pages\/313\/revisions"}],"predecessor-version":[{"id":2555,"href":"https:\/\/www.rpcayambe.gob.ec\/site\/wp-json\/wp\/v2\/pages\/313\/revisions\/2555"}],"wp:attachment":[{"href":"https:\/\/www.rpcayambe.gob.ec\/site\/wp-json\/wp\/v2\/media?parent=313"}],"curies":[{"name":"wp","href":"https:\/\/api.w.org\/{rel}","templated":true}]}}