{"id":311,"date":"2020-10-15T14:13:55","date_gmt":"2020-10-15T14:13:55","guid":{"rendered":"https:\/\/www.rpcayambe.gob.ec\/site\/?page_id=311"},"modified":"2023-09-27T15:58:23","modified_gmt":"2023-09-27T20:58:23","slug":"cesion-de-participaciones","status":"publish","type":"page","link":"https:\/\/www.rpcayambe.gob.ec\/site\/cesion-de-participaciones\/","title":{"rendered":"Cesi\u00f3n de Participaciones"},"content":{"rendered":"\t\t<div data-elementor-type=\"wp-page\" data-elementor-id=\"311\" class=\"elementor elementor-311\">\n\t\t\t\t\t\t<section class=\"elementor-section elementor-top-section elementor-element elementor-element-589d9efc elementor-section-boxed elementor-section-height-default elementor-section-height-default\" data-id=\"589d9efc\" data-element_type=\"section\" data-e-type=\"section\">\n\t\t\t\t\t\t<div class=\"elementor-container elementor-column-gap-default\">\n\t\t\t\t\t<div class=\"elementor-column elementor-col-100 elementor-top-column elementor-element elementor-element-33b8a48\" data-id=\"33b8a48\" data-element_type=\"column\" data-e-type=\"column\">\n\t\t\t<div class=\"elementor-widget-wrap elementor-element-populated\">\n\t\t\t\t\t\t<div class=\"elementor-element elementor-element-361cb87 elementor-widget elementor-widget-image\" data-id=\"361cb87\" data-element_type=\"widget\" data-e-type=\"widget\" data-widget_type=\"image.default\">\n\t\t\t\t<div class=\"elementor-widget-container\">\n\t\t\t\t\t\t\t\t\t\t\t\t\t\t\t<img fetchpriority=\"high\" decoding=\"async\" width=\"1536\" height=\"762\" src=\"https:\/\/www.rpcayambe.gob.ec\/site\/wp-content\/uploads\/2023\/09\/m2_Mesa-de-trabajo-1-1536x762.jpg\" class=\"attachment-1536x1536 size-1536x1536 wp-image-2529\" alt=\"\" srcset=\"https:\/\/www.rpcayambe.gob.ec\/site\/wp-content\/uploads\/2023\/09\/m2_Mesa-de-trabajo-1-1536x762.jpg 1536w, https:\/\/www.rpcayambe.gob.ec\/site\/wp-content\/uploads\/2023\/09\/m2_Mesa-de-trabajo-1-300x149.jpg 300w, https:\/\/www.rpcayambe.gob.ec\/site\/wp-content\/uploads\/2023\/09\/m2_Mesa-de-trabajo-1-1024x508.jpg 1024w, https:\/\/www.rpcayambe.gob.ec\/site\/wp-content\/uploads\/2023\/09\/m2_Mesa-de-trabajo-1-768x381.jpg 768w, https:\/\/www.rpcayambe.gob.ec\/site\/wp-content\/uploads\/2023\/09\/m2_Mesa-de-trabajo-1-2048x1016.jpg 2048w, https:\/\/www.rpcayambe.gob.ec\/site\/wp-content\/uploads\/2023\/09\/m2_Mesa-de-trabajo-1-200x99.jpg 200w\" sizes=\"(max-width: 1536px) 100vw, 1536px\" \/>\t\t\t\t\t\t\t\t\t\t\t\t\t\t\t<\/div>\n\t\t\t\t<\/div>\n\t\t\t\t<div class=\"elementor-element elementor-element-1212b785 elementor-widget elementor-widget-text-editor\" data-id=\"1212b785\" data-element_type=\"widget\" data-e-type=\"widget\" data-widget_type=\"text-editor.default\">\n\t\t\t\t<div class=\"elementor-widget-container\">\n\t\t\t\t\t\t\t\t\t\n<h2 class=\"wp-block-heading\"><strong>Inscripci\u00f3n de Cesi\u00f3n de Participaciones:<\/strong><\/h2>\n\n\n\n<p><strong>1.- Presentar copia certificada de la escritura p\u00fablica (m\u00ednimo 2 ejemplares).<\/strong><\/p>\n\n\n\n<ul class=\"wp-block-list\"><li>Si no se presenta la primera copia certificada, solicitar un certificado de b\u00fasqueda.<\/li><li>En el contenido de la escritura deben constar todos los requisitos previstos en la Ley de Compa\u00f1\u00edas, C\u00f3digo de Comercio y dem\u00e1s normas vigentes.<\/li><li>Para la cesi\u00f3n de acciones de una compa\u00f1\u00eda Colectiva, Comandita Simple por Acciones o Unipersonal Limitada, se requiere de la aprobaci\u00f3n del Juez Civil debidamente notificada<\/li><\/ul>\n\n\n\n<p><strong>2.- Acta de la Junta General mediante la cual se aprueba la cesi\u00f3n de participaciones.<\/strong><\/p>\n\n\n\n<p><strong>3.- Certificado de grav\u00e1menes actualizado (con la cantidad y el nombre de casa socio cedente).<\/strong><\/p>\n\n\n\n<p><strong>4.- Copias de c\u00e9dula y papeletas de votaci\u00f3n (Todos los comparecientes)<\/strong><\/p>\n\n\n\n<ul class=\"wp-block-list\"><li>Si se trata de una persona que comparece mediante un apoderado, adjuntar el poder y la vigencia del mismo.<\/li><\/ul>\n\n\n\n<p>De igual manera el poder debe contener la autorizaci\u00f3n expresa para el acto o contrato a celebrarse.<\/p>\n\n\n\n<ul class=\"wp-block-list\"><li>Si se trata de personas jur\u00eddicas, adjuntar el nombramiento del Representante Legal debidamente inscrito y actualizado y el Acta de la Junta General, mediante la cual se aprueba y autoriza el acto constitutivo.<\/li><li>Copia del RUC (Personas naturales extranjeras y jur\u00eddicas en general)<\/li><li>En el caso de que los comparecientes hayan celebrado capitulaciones matrimoniales, adjuntar la escritura.<\/li><li>Si existe disoluci\u00f3n o liquidaci\u00f3n conyugal, adjuntar la partida de matrimonio con la respectiva marginaci\u00f3n.<\/li><li>Para solicitar la inscripci\u00f3n de un acto o contrato, es necesario que el solicitante se encuentre debidamente facultado. (Art. 138 Ley de Compa\u00f1\u00edas)<\/li><\/ul>\n\t\t\t\t\t\t\t\t<\/div>\n\t\t\t\t<\/div>\n\t\t\t\t\t<\/div>\n\t\t<\/div>\n\t\t\t\t\t<\/div>\n\t\t<\/section>\n\t\t\t\t<\/div>\n\t\t","protected":false},"excerpt":{"rendered":"<p>Inscripci\u00f3n de Cesi\u00f3n de Participaciones: 1.- Presentar copia certificada de la escritura p\u00fablica (m\u00ednimo 2 ejemplares). Si no se presenta la primera copia certificada, solicitar un certificado de b\u00fasqueda. En el contenido<a class=\"moretag\" href=\"https:\/\/www.rpcayambe.gob.ec\/site\/cesion-de-participaciones\/\">Leer m\u00e1s&#8230;<\/a><\/p>\n","protected":false},"author":2,"featured_media":0,"parent":0,"menu_order":0,"comment_status":"closed","ping_status":"closed","template":"","meta":{"footnotes":""},"class_list":["post-311","page","type-page","status-publish","hentry"],"_links":{"self":[{"href":"https:\/\/www.rpcayambe.gob.ec\/site\/wp-json\/wp\/v2\/pages\/311","targetHints":{"allow":["GET"]}}],"collection":[{"href":"https:\/\/www.rpcayambe.gob.ec\/site\/wp-json\/wp\/v2\/pages"}],"about":[{"href":"https:\/\/www.rpcayambe.gob.ec\/site\/wp-json\/wp\/v2\/types\/page"}],"author":[{"embeddable":true,"href":"https:\/\/www.rpcayambe.gob.ec\/site\/wp-json\/wp\/v2\/users\/2"}],"replies":[{"embeddable":true,"href":"https:\/\/www.rpcayambe.gob.ec\/site\/wp-json\/wp\/v2\/comments?post=311"}],"version-history":[{"count":5,"href":"https:\/\/www.rpcayambe.gob.ec\/site\/wp-json\/wp\/v2\/pages\/311\/revisions"}],"predecessor-version":[{"id":2552,"href":"https:\/\/www.rpcayambe.gob.ec\/site\/wp-json\/wp\/v2\/pages\/311\/revisions\/2552"}],"wp:attachment":[{"href":"https:\/\/www.rpcayambe.gob.ec\/site\/wp-json\/wp\/v2\/media?parent=311"}],"curies":[{"name":"wp","href":"https:\/\/api.w.org\/{rel}","templated":true}]}}